{"id":2347,"date":"2020-12-07T10:48:03","date_gmt":"2020-12-07T16:48:03","guid":{"rendered":"http:\/\/latinoseguros.com.mx.previewc75.carrierzone.com\/sitio2020\/?page_id=2347"},"modified":"2022-03-10T13:09:01","modified_gmt":"2022-03-10T19:09:01","slug":"quiero-ser-agente","status":"publish","type":"page","link":"https:\/\/latinoseguros.com.mx\/sitio2021\/quiero-ser-agente\/","title":{"rendered":"Quiero ser Agente"},"content":{"rendered":"<p>[vc_row css=&#8221;.vc_custom_1607363114578{margin-bottom: 30px !important;}&#8221;][vc_column]<div id=\"sc_title_1650633521\"\r\n\t\tclass=\"sc_title_align_center sc_title sc_title_default\"><h3 class=\"sc_item_title sc_title_title sc_align_center sc_item_title_style_default sc_item_title_tag\">\u00bfQuieres pertenecer a un equipo comprometido con la sociedad mexicana en la protecci\u00f3n de su tranquilidad?<\/h3><\/div><!-- \/.sc_title -->[\/vc_column][\/vc_row][vc_row full_width=&#8221;stretch_row&#8221; content_placement=&#8221;middle&#8221; css=&#8221;.vc_custom_1607363125242{margin-bottom: 80px !important;}&#8221;][vc_column width=&#8221;1\/2&#8243;][vc_single_image image=&#8221;2355&#8243; img_size=&#8221;full&#8221;][\/vc_column][vc_column width=&#8221;1\/2&#8243;][vc_column_text]<\/p>\n<p style=\"font-weight: 400; font-size: 20px; line-height: 1.5;\">Si quieres ser parte de una empresa s\u00f3lida con <strong>m\u00e1s de 100 a\u00f1os de experiencia<\/strong> en la protecci\u00f3n del patrimonio de los mexicanos.<\/p>\n<p style=\"font-weight: 400; font-size: 20px;\">Env\u00edanos tu CV.<\/p>\n<p>[\/vc_column_text][\/vc_column][\/vc_row][vc_row full_width=&#8221;stretch_row&#8221; css=&#8221;.vc_custom_1607363879657{margin-bottom: 80px !important;padding-top: 50px !important;padding-bottom: 50px !important;background-color: #e7e7ea !important;}&#8221;][vc_column][vc_column_text css=&#8221;.vc_custom_1646939278259{margin-top: 30px !important;}&#8221;]<\/p>\n<h5 style=\"text-align: center;\">\n\t\t\t\t\t<script>\n\t\t\t\t\t\twindow.hsFormsOnReady = window.hsFormsOnReady || [];\n\t\t\t\t\t\twindow.hsFormsOnReady.push(()=>{\n\t\t\t\t\t\t\thbspt.forms.create({\n\t\t\t\t\t\t\t\tportalId: 8975646,\n\t\t\t\t\t\t\t\tformId: \"b2d49c5c-45f3-49e1-8c92-d937aa5edbc8\",\n\t\t\t\t\t\t\t\ttarget: \"#hbspt-form-1775546749000-3873511309\",\n\t\t\t\t\t\t\t\tregion: \"\",\n\t\t\t\t\t\t\t\t\n\t\t\t\t\t\t})});\n\t\t\t\t\t<\/script>\n\t\t\t\t\t<div class=\"hbspt-form\" id=\"hbspt-form-1775546749000-3873511309\"><\/div><\/h5>\n<h5 style=\"text-align: center;\">Un representante de nuestra compa\u00f1\u00eda se podr\u00e1 en contacto para mayor informaci\u00f3n.<\/h5>\n<p>[\/vc_column_text][\/vc_column][\/vc_row]<\/p>\n","protected":false},"excerpt":{"rendered":"<p>[vc_row css=&#8221;.vc_custom_1607363114578{margin-bottom: 30px !important;}&#8221;][vc_column][\/vc_column][\/vc_row][vc_row full_width=&#8221;stretch_row&#8221; content_placement=&#8221;middle&#8221; css=&#8221;.vc_custom_1607363125242{margin-bottom: 80px !important;}&#8221;][vc_column width=&#8221;1\/2&#8243;][vc_single_image image=&#8221;2355&#8243; img_size=&#8221;full&#8221;][\/vc_column][vc_column width=&#8221;1\/2&#8243;][vc_column_text] Si quieres ser parte de una empresa s\u00f3lida con m\u00e1s de 100 a\u00f1os de experiencia en la protecci\u00f3n del patrimonio de los mexicanos. Env\u00edanos tu CV. [\/vc_column_text][\/vc_column][\/vc_row][vc_row&hellip;<\/p>\n","protected":false},"author":1,"featured_media":0,"parent":0,"menu_order":0,"comment_status":"closed","ping_status":"closed","template":"","meta":{"_seopress_robots_primary_cat":"","content-type":"","footnotes":""},"class_list":["post-2347","page","type-page","status-publish","hentry"],"_links":{"self":[{"href":"https:\/\/latinoseguros.com.mx\/sitio2021\/wp-json\/wp\/v2\/pages\/2347","targetHints":{"allow":["GET"]}}],"collection":[{"href":"https:\/\/latinoseguros.com.mx\/sitio2021\/wp-json\/wp\/v2\/pages"}],"about":[{"href":"https:\/\/latinoseguros.com.mx\/sitio2021\/wp-json\/wp\/v2\/types\/page"}],"author":[{"embeddable":true,"href":"https:\/\/latinoseguros.com.mx\/sitio2021\/wp-json\/wp\/v2\/users\/1"}],"replies":[{"embeddable":true,"href":"https:\/\/latinoseguros.com.mx\/sitio2021\/wp-json\/wp\/v2\/comments?post=2347"}],"version-history":[{"count":11,"href":"https:\/\/latinoseguros.com.mx\/sitio2021\/wp-json\/wp\/v2\/pages\/2347\/revisions"}],"predecessor-version":[{"id":4615,"href":"https:\/\/latinoseguros.com.mx\/sitio2021\/wp-json\/wp\/v2\/pages\/2347\/revisions\/4615"}],"wp:attachment":[{"href":"https:\/\/latinoseguros.com.mx\/sitio2021\/wp-json\/wp\/v2\/media?parent=2347"}],"curies":[{"name":"wp","href":"https:\/\/api.w.org\/{rel}","templated":true}]}}