{"id":1988,"date":"2020-11-13T15:27:54","date_gmt":"2020-11-13T21:27:54","guid":{"rendered":"http:\/\/latinoseguros.com.mx.previewc75.carrierzone.com\/sitio2020\/?page_id=1988"},"modified":"2020-12-07T12:12:10","modified_gmt":"2020-12-07T18:12:10","slug":"dudas-frecuentes","status":"publish","type":"page","link":"https:\/\/latinoseguros.com.mx\/sitio2021\/dudas-frecuentes\/","title":{"rendered":"Dudas Frecuentes"},"content":{"rendered":"<p>[vc_row css=&#8221;.vc_custom_1605303818385{margin-bottom: 80px !important;}&#8221;][vc_column width=&#8221;1\/4&#8243;]<div id=\"sc_title_396915514\"\r\n\t\tclass=\"sc_title_align_right sc_title sc_title_default\"><h5 class=\"sc_item_title sc_title_title sc_align_right sc_item_title_style_default sc_item_title_tag\">\u00bfC\u00f3mo s\u00e9 si mi p\u00f3liza est\u00e1 vigente?<\/h5><\/div><!-- \/.sc_title -->[\/vc_column][vc_column width=&#8221;3\/4&#8243;][vc_column_text]En tu car\u00e1tula de p\u00f3liza se encuentra la fecha de inicio y fin de vigencia si realizaste el pago correspondiente y la fecha no ha llegado a su vigencia, sigues protegido.[\/vc_column_text][\/vc_column][\/vc_row][vc_row css=&#8221;.vc_custom_1605303818385{margin-bottom: 80px !important;}&#8221;][vc_column width=&#8221;1\/4&#8243;]<div id=\"sc_title_208995729\"\r\n\t\tclass=\"sc_title_align_right sc_title sc_title_default\"><h5 class=\"sc_item_title sc_title_title sc_align_right sc_item_title_style_default sc_item_title_tag\">\u00bfQu\u00e9 hago si no estoy conforme con la atenci\u00f3n en mi siniestro?<\/h5><\/div><!-- \/.sc_title -->[\/vc_column][vc_column width=&#8221;3\/4&#8243;][vc_column_text]Contamos con un \u00e1rea especializada para atender y dar soluci\u00f3n a tus inconformidades, solo debes enviar correo a <a href=\"mailto:calidad@latinoseguros.com.mx\">calidad@latinoseguros.com.mx<\/a> mencionando t\u00fa n\u00famero de p\u00f3liza, n\u00famero de siniestro y una explicaci\u00f3n de tu inconformidad[\/vc_column_text][\/vc_column][\/vc_row][vc_row css=&#8221;.vc_custom_1605303818385{margin-bottom: 80px !important;}&#8221;][vc_column width=&#8221;1\/4&#8243;]<div id=\"sc_title_136394291\"\r\n\t\tclass=\"sc_title_align_right sc_title sc_title_default\"><h5 class=\"sc_item_title sc_title_title sc_align_right sc_item_title_style_default sc_item_title_tag\">\u00bfC\u00f3mo saber si mi p\u00f3liza est\u00e1 pagada?<\/h5><\/div><!-- \/.sc_title -->[\/vc_column][vc_column width=&#8221;3\/4&#8243;][vc_column_text]Puedes hacerlo de dos formas: una, registr\u00e1ndote a nuestro portal Mi portal Latino, tambi\u00e9n disponible en app y podr\u00e1s consultar estatus del pago as\u00ed como tus facturas o puedes solicitar a tu agente tu factura y con eso corroborar que est\u00e1 pagada.[\/vc_column_text][\/vc_column][\/vc_row][vc_row css=&#8221;.vc_custom_1605303818385{margin-bottom: 80px !important;}&#8221;][vc_column width=&#8221;1\/4&#8243;]<div id=\"sc_title_1032782891\"\r\n\t\tclass=\"sc_title_align_right sc_title sc_title_default\"><h5 class=\"sc_item_title sc_title_title sc_align_right sc_item_title_style_default sc_item_title_tag\">\u00bfC\u00f3mo funciona mi seguro?<\/h5><\/div><!-- \/.sc_title -->[\/vc_column][vc_column width=&#8221;3\/4&#8243;][vc_column_text]Para saber como funciona tu seguro, solo debes leer tu p\u00f3liza y condiciones generales, en ellas te explican como funciona cada una de las coberturas que aparecen en tu p\u00f3liza, adem\u00e1s puedes contactar a tu agente de seguros quien siempre sabr\u00e1 darte una explicaci\u00f3n y solucionar todas tus dudas.[\/vc_column_text][\/vc_column][\/vc_row][vc_row css=&#8221;.vc_custom_1605303818385{margin-bottom: 80px !important;}&#8221;][vc_column width=&#8221;1\/4&#8243;]<div id=\"sc_title_888481808\"\r\n\t\tclass=\"sc_title_align_right sc_title sc_title_default\"><h5 class=\"sc_item_title sc_title_title sc_align_right sc_item_title_style_default sc_item_title_tag\">Tengo dudas, no s\u00e9 si mi seguro es lo que necesito.<\/h5><\/div><!-- \/.sc_title -->[\/vc_column][vc_column width=&#8221;3\/4&#8243;][vc_column_text]En caso de tener dudas ac\u00e9rcate a tu agente de seguros, o ll\u00e1manos al <strong>55 5130 2800<\/strong> te asesoraremos con gusto.[\/vc_column_text][\/vc_column][\/vc_row][vc_row css=&#8221;.vc_custom_1605303818385{margin-bottom: 80px !important;}&#8221;][vc_column width=&#8221;1\/4&#8243;]<div id=\"sc_title_1109020986\"\r\n\t\tclass=\"sc_title_align_right sc_title sc_title_default\"><h5 class=\"sc_item_title sc_title_title sc_align_right sc_item_title_style_default sc_item_title_tag\">No s\u00e9 c\u00f3mo pagar mi p\u00f3liza<\/h5><\/div><!-- \/.sc_title -->[\/vc_column][vc_column width=&#8221;3\/4&#8243;][vc_column_text]Tenemos varias opciones para ti, puedes hacerlo desde nuestro portal www.latinoseguros.com.mx secci\u00f3n <strong>Soy Cliente<\/strong>, o puedes descargar nuestra app, puedes llamar al <strong>55 51302800<\/strong> o puedes hacerlos a trav\u00e9s de tu agente de seguros.[\/vc_column_text][\/vc_column][\/vc_row][vc_row css=&#8221;.vc_custom_1605303818385{margin-bottom: 80px !important;}&#8221;][vc_column width=&#8221;1\/4&#8243;]<div id=\"sc_title_1607700373\"\r\n\t\tclass=\"sc_title_align_right sc_title sc_title_default\"><h5 class=\"sc_item_title sc_title_title sc_align_right sc_item_title_style_default sc_item_title_tag\">Necesito la factura de mi seguro<\/h5><\/div><!-- \/.sc_title -->[\/vc_column][vc_column width=&#8221;3\/4&#8243;][vc_column_text]Puedes obtenerla a trav\u00e9s de nuestra app Mi portal Latino, o tambi\u00e9n puedes solicitarla a tu agente de seguros.[\/vc_column_text][\/vc_column][\/vc_row]<\/p>\n","protected":false},"excerpt":{"rendered":"<p>[vc_row css=&#8221;.vc_custom_1605303818385{margin-bottom: 80px !important;}&#8221;][vc_column width=&#8221;1\/4&#8243;][\/vc_column][vc_column width=&#8221;3\/4&#8243;][vc_column_text]En tu car\u00e1tula de p\u00f3liza se encuentra la fecha de inicio y fin de vigencia si realizaste el pago correspondiente y la fecha no ha llegado a su vigencia, sigues protegido.[\/vc_column_text][\/vc_column][\/vc_row][vc_row css=&#8221;.vc_custom_1605303818385{margin-bottom: 80px !important;}&#8221;][vc_column width=&#8221;1\/4&#8243;][\/vc_column][vc_column&hellip;<\/p>\n","protected":false},"author":1,"featured_media":0,"parent":0,"menu_order":0,"comment_status":"closed","ping_status":"closed","template":"","meta":{"_seopress_robots_primary_cat":"","content-type":"","footnotes":""},"class_list":["post-1988","page","type-page","status-publish","hentry"],"_links":{"self":[{"href":"https:\/\/latinoseguros.com.mx\/sitio2021\/wp-json\/wp\/v2\/pages\/1988","targetHints":{"allow":["GET"]}}],"collection":[{"href":"https:\/\/latinoseguros.com.mx\/sitio2021\/wp-json\/wp\/v2\/pages"}],"about":[{"href":"https:\/\/latinoseguros.com.mx\/sitio2021\/wp-json\/wp\/v2\/types\/page"}],"author":[{"embeddable":true,"href":"https:\/\/latinoseguros.com.mx\/sitio2021\/wp-json\/wp\/v2\/users\/1"}],"replies":[{"embeddable":true,"href":"https:\/\/latinoseguros.com.mx\/sitio2021\/wp-json\/wp\/v2\/comments?post=1988"}],"version-history":[{"count":3,"href":"https:\/\/latinoseguros.com.mx\/sitio2021\/wp-json\/wp\/v2\/pages\/1988\/revisions"}],"predecessor-version":[{"id":2362,"href":"https:\/\/latinoseguros.com.mx\/sitio2021\/wp-json\/wp\/v2\/pages\/1988\/revisions\/2362"}],"wp:attachment":[{"href":"https:\/\/latinoseguros.com.mx\/sitio2021\/wp-json\/wp\/v2\/media?parent=1988"}],"curies":[{"name":"wp","href":"https:\/\/api.w.org\/{rel}","templated":true}]}}