{"id":1678,"date":"2020-11-05T18:57:22","date_gmt":"2020-11-06T00:57:22","guid":{"rendered":"http:\/\/latinoseguros.com.mx.previewc75.carrierzone.com\/sitio2020\/?page_id=1678"},"modified":"2022-01-12T13:08:58","modified_gmt":"2022-01-12T19:08:58","slug":"seguro-gastos-medicos-mayores-empresas","status":"publish","type":"page","link":"https:\/\/latinoseguros.com.mx\/sitio2021\/empresas\/seguro-gastos-medicos-mayores-empresas\/","title":{"rendered":"Seguro de Gastos M\u00e9dicos Mayores"},"content":{"rendered":"<p>[vc_row full_width=&#8221;stretch_row&#8221;][vc_column]<div id=\"sc_title_1188589898\"\r\n\t\tclass=\"sc_title_align_center sc_title sc_title_default\"><h3 class=\"sc_item_title sc_title_title sc_align_center sc_item_title_style_default\">\u00bfPor qu\u00e9 contratar un seguro de gastos m\u00e9dicos mayores?<\/h3><\/div><!-- \/.sc_title -->[\/vc_column][\/vc_row][vc_row content_placement=&#8221;middle&#8221; css=&#8221;.vc_custom_1604527261597{margin-bottom: 100px !important;}&#8221;][vc_column width=&#8221;1\/2&#8243;][vc_single_image image=&#8221;1681&#8243; img_size=&#8221;full&#8221;][\/vc_column][vc_column width=&#8221;1\/2&#8243;][vc_column_text]<span style=\"font-weight: 400;\">En la actualidad la salud ya no es una opci\u00f3n. Una enfermedad o accidente siempre generar\u00e1 gastos, los cuales afectan directamente a nuestra econom\u00eda.<\/span><\/p>\n<p><span style=\"font-weight: 400;\">Contar con un seguro de gastos m\u00e9dicos mayores, evitar\u00e1 que tus empleados asuman el 100% del gasto directo de su bolsillo, ya que trasladas este riesgo a la aseguradora.<\/span>[\/vc_column_text]<div class=\"sc_item_button sc_button_wrap sc_align_left\"><a href=\"http:\/\/latinoseguros.com.mx\/sitio2021\/#cotiza\" id=\"sc_button_1096584703\" class=\"sc_button sc_button_default  vc_custom_1642014506088 color_preset_dark sc_button_size_normal sc_button_icon_left\"><span class=\"sc_button_text\"><span class=\"sc_button_title\">Cotiza ahora<\/span><\/span><!-- \/.sc_button_text --><\/a><!-- \/.sc_button --><\/div><!-- \/.sc_item_button -->[\/vc_column][\/vc_row][vc_row][vc_column]<div id=\"sc_title_1518612176\"\r\n\t\tclass=\"sc_title_align_center sc_title sc_title_default\"><h3 class=\"sc_item_title sc_title_title sc_align_center sc_item_title_style_default sc_item_title_tag\">\u00bfQu\u00e9 seguro de gastos m\u00e9dicos mayores se adapta a tus necesidades?<\/h3><\/div><!-- \/.sc_title -->[\/vc_column][\/vc_row][vc_row equal_height=&#8221;yes&#8221; css=&#8221;.vc_custom_1604536723619{margin-bottom: 100px !important;}&#8221;][vc_column width=&#8221;1\/2&#8243;]<div  id=\"sc_price_477595440\" \n\tclass=\"sc_price sc_price_default\"><div class=\"sc_price_info\"><div class=\"sc_price_title\"><a href=\"http:\/\/latinoseguros.com.mx\/sitio2021\/#cotiza\">M\u00e9dica Latino<\/a><\/div><div class=\"sc_price_description\">Est\u00e1 dise\u00f1ado para protegerte a ti y a tu familia ante cualquier accidente o enfermedad cubierto por la p\u00f3liza, sin poner en riesgo tu patrimonio.<\/div><div class=\"sc_price_details\"><\/p>\n<h4 style=\"text-align: center\"><span style=\"font-weight: 400\">Coberturas<\/span><\/h4>\n<ul>\n<li style=\"font-weight: 400;text-align: left\"><span style=\"font-weight: 400\">Aborto.<\/span><\/li>\n<li style=\"font-weight: 400;text-align: left\"><span style=\"font-weight: 400\">Ambulancia terrestre y a\u00e9rea.<\/span><\/li>\n<li style=\"font-weight: 400;text-align: left\"><span style=\"font-weight: 400\">Asistencia m\u00e9dica con costos preferenciales y descuentos.<\/span><\/li>\n<li style=\"font-weight: 400;text-align: left\"><span style=\"font-weight: 400\">Ayuda para parto y ces\u00e1rea.<\/span><\/li>\n<li style=\"font-weight: 400;text-align: left\"><span style=\"font-weight: 400\">Ayuda para gastos funerarios.<\/span><\/li>\n<li style=\"font-weight: 400;text-align: left\"><span style=\"font-weight: 400\">Cirug\u00eda para correcci\u00f3n de la vista.<\/span><\/li>\n<li style=\"font-weight: 400;text-align: left\"><span style=\"font-weight: 400\">Da\u00f1os psiqui\u00e1tricos.<\/span><\/li>\n<li style=\"font-weight: 400;text-align: left\"><span style=\"font-weight: 400\">Riesgos deportivos.<\/span><\/li>\n<li style=\"font-weight: 400;text-align: left\"><span style=\"font-weight: 400\">SIDA<\/span><\/li>\n<li style=\"font-weight: 400;text-align: left\"><span style=\"font-weight: 400\">Si viajas al extranjero te cubrimos en caso de una emergencia m\u00e9dica.<\/span><\/li>\n<li style=\"font-weight: 400;text-align: left\"><span style=\"font-weight: 400\">Terapias de rehabilitaci\u00f3n.<\/span><\/li>\n<\/ul>\n<p><\/div><a href=\"http:\/\/latinoseguros.com.mx\/sitio2021\/#cotiza\" class=\"sc_price_link\" target=\"_blank\">Cotiza Ahora<\/a><\/div>\n<\/div>[\/vc_column][vc_column width=&#8221;1\/2&#8243;]<div id=\"sc_title_516389855\"\r\n\t\tclass=\"sc_title_align_left sc_title sc_title_default\"><h5 class=\"sc_item_title sc_title_title sc_align_left sc_item_title_style_default sc_item_title_tag\">Contamos con coberturas adicionales opcionales, con\u00f3celas:<\/h5><\/div><!-- \/.sc_title --><div class=\"cq-dagallery-container\" style=\"width:100%;margin:0 auto;\"><ul class=\"cq-dagallery\" data-gallerywidth=\"100%\" data-width=\"570\" data-height=\"430\" data-color=\"#ffffff\" data-background=\"#00bfff\" data-opacity=\"0\"><li class=\"\" data-width=\"570\" data-height=\"430\" data-margin=\"5px\" style=\"margin:5px\"><a class=\"normal\" href=\"https:\/\/latinoseguros.com.mx\/sitio2021\/wp-content\/uploads\/2020\/11\/latino-seguros-gastos-medicos-mayores-aplicacion-cobertura-extranjero.jpg\" rel=\"167841\"><img src='https:\/\/latinoseguros.com.mx\/sitio2021\/wp-content\/uploads\/2020\/11\/latino-seguros-gastos-medicos-mayores-aplicacion-cobertura-extranjero.jpg' width='570' height='430' alt='' \/><\/a><div class=\"dagallery-info\" style=\"padding:20px;color:#ffffff;background-color:#00bfff\"><\/div><\/li><li class=\"\" data-width=\"570\" data-height=\"430\" data-margin=\"5px\" style=\"margin:5px\"><a class=\"normal\" href=\"https:\/\/latinoseguros.com.mx\/sitio2021\/wp-content\/uploads\/2020\/11\/latino-seguros-gastos-medicos-mayores-deportes-peligrosos.jpg\" rel=\"167841\"><img src='https:\/\/latinoseguros.com.mx\/sitio2021\/wp-content\/uploads\/2020\/11\/latino-seguros-gastos-medicos-mayores-deportes-peligrosos.jpg' width='570' height='430' alt='' \/><\/a><div class=\"dagallery-info\" style=\"padding:20px;color:#ffffff;background-color:#00bfff\"><\/div><\/li><li class=\"\" data-width=\"570\" data-height=\"430\" data-margin=\"5px\" style=\"margin:5px\"><a class=\"normal\" href=\"https:\/\/latinoseguros.com.mx\/sitio2021\/wp-content\/uploads\/2020\/11\/latino-seguros-gastos-medicos-mayores-enfermedades-catastroficas-extranjero.jpg\" rel=\"167841\"><img src='https:\/\/latinoseguros.com.mx\/sitio2021\/wp-content\/uploads\/2020\/11\/latino-seguros-gastos-medicos-mayores-enfermedades-catastroficas-extranjero.jpg' width='570' height='430' alt='' \/><\/a><div class=\"dagallery-info\" style=\"padding:20px;color:#ffffff;background-color:#00bfff\"><\/div><\/li><\/ul><\/div>[\/vc_column][\/vc_row][vc_row css=&#8221;.vc_custom_1606159353199{margin-top: 80px !important;margin-bottom: 80px !important;}&#8221;][vc_column][vc_column_text]<\/p>\n<h5 style=\"text-align: center;\"><span style=\"font-weight: 400;\">Al solicitar tu cotizaci\u00f3n pregunta por nuestros paquetes<\/span><\/h5>\n<p>[\/vc_column_text][\/vc_column][\/vc_row]<\/p>\n","protected":false},"excerpt":{"rendered":"<p>[vc_row full_width=&#8221;stretch_row&#8221;][vc_column][\/vc_column][\/vc_row][vc_row content_placement=&#8221;middle&#8221; css=&#8221;.vc_custom_1604527261597{margin-bottom: 100px !important;}&#8221;][vc_column width=&#8221;1\/2&#8243;][vc_single_image image=&#8221;1681&#8243; img_size=&#8221;full&#8221;][\/vc_column][vc_column width=&#8221;1\/2&#8243;][vc_column_text]En la actualidad la salud ya no es una opci\u00f3n. Una enfermedad o accidente siempre generar\u00e1 gastos, los cuales afectan directamente a nuestra econom\u00eda. Contar con un seguro de gastos m\u00e9dicos&hellip;<\/p>\n","protected":false},"author":1,"featured_media":0,"parent":1669,"menu_order":0,"comment_status":"closed","ping_status":"closed","template":"","meta":{"_seopress_robots_primary_cat":"","content-type":"","footnotes":""},"class_list":["post-1678","page","type-page","status-publish","hentry"],"_links":{"self":[{"href":"https:\/\/latinoseguros.com.mx\/sitio2021\/wp-json\/wp\/v2\/pages\/1678","targetHints":{"allow":["GET"]}}],"collection":[{"href":"https:\/\/latinoseguros.com.mx\/sitio2021\/wp-json\/wp\/v2\/pages"}],"about":[{"href":"https:\/\/latinoseguros.com.mx\/sitio2021\/wp-json\/wp\/v2\/types\/page"}],"author":[{"embeddable":true,"href":"https:\/\/latinoseguros.com.mx\/sitio2021\/wp-json\/wp\/v2\/users\/1"}],"replies":[{"embeddable":true,"href":"https:\/\/latinoseguros.com.mx\/sitio2021\/wp-json\/wp\/v2\/comments?post=1678"}],"version-history":[{"count":10,"href":"https:\/\/latinoseguros.com.mx\/sitio2021\/wp-json\/wp\/v2\/pages\/1678\/revisions"}],"predecessor-version":[{"id":4193,"href":"https:\/\/latinoseguros.com.mx\/sitio2021\/wp-json\/wp\/v2\/pages\/1678\/revisions\/4193"}],"up":[{"embeddable":true,"href":"https:\/\/latinoseguros.com.mx\/sitio2021\/wp-json\/wp\/v2\/pages\/1669"}],"wp:attachment":[{"href":"https:\/\/latinoseguros.com.mx\/sitio2021\/wp-json\/wp\/v2\/media?parent=1678"}],"curies":[{"name":"wp","href":"https:\/\/api.w.org\/{rel}","templated":true}]}}